ime factors of z.
3
Suppose 5*l - 46 = -4*p, 0*l - 5*p = -2*l - 8. Suppose -2*k + l*k = 0. Suppose k*i + 9 = 3*i. List the prime factors of i.
3
Let y(k) = -3186*k + 9. List the prime factors of y(-1).
3, 5, 71
Suppose -5*a - 100 = -a. Let l = 88 + a. What are the prime factors of l?
3, 7
Let k(d) = 27*d**2 + 4*d + 1. What are the prime factors of k(3)?
2
Let z(d) = -81*d + 5. List the prime factors of z(-6).
491
Let g(w) = 4*w**2 + 15*w + 1. Let r be g(-11). Let o = 454 - r. List the prime factors of o.
2, 67
Let t be (-636)/(-7 + 5) + -4. Let v = t + -128. List the prime factors of v.
2, 3, 31
Let a = -245 + 409. What are the prime factors of a?
2, 41
Let i(q) = -2*q + 3. Let g be i(-4). Let u = -2 + g. List the prime factors of 12/u - 4/(-6).
2
Let p = -4 - -619. List the prime factors of p.
3, 5, 41
Let t(m) be the second derivative of m**7/60 - m**6/360 + m**5/120 + 3*m**4/4 - 3*m. Let w(k) be the third derivative of t(k). List the prime factors of w(1).
41
Let o(k) be the third derivative of -k**6/120 - k**5/60 - k**4/24 + 11*k**3/2 + 40*k**2. What are the prime factors of o(0)?
3, 11
Let k(h) = 11*h**3 - 33*h**2 + 12*h + 13. Let o(r) = 3*r**3 - 11*r**2 + 4*r + 4. Let s(q) = 2*k(q) - 7*o(q). What are the prime factors of s(-7)?
2, 3, 37
Let y(b) = -b**3 - 9*b**2 - 25*b - 24. What are the prime factors of y(-16)?
2, 271
Let n(q) = -13*q + 15. Let t be n(-6). Let a = t - -16. List the prime factors of a.
109
Suppose 0 = g - 9 + 1. Let m(n) = 21*n**2 - 44*n + 56. Let y(u) = 4*u**2 - 9*u + 11. Let q(t) = -2*m(t) + 11*y(t). List the prime factors of q(g).
7
Let f(i) = 212*i - 97. What are the prime factors of f(17)?
3, 7, 167
Suppose 5*k + 2*f - 4553 = 0, -f - 1825 = -2*k + 2*f. List the prime factors of k.
911
Suppose 0 = p - 2*g - 598 + 244, 4*g + 1058 = 3*p. What are the prime factors of p?
2, 5, 7
Let b(n) = n**2 - n. Let q be b(4). List the prime factors of (-1 - 1)*(2 + (-246)/q).
37
Let o = 21 + -13. Let j(t) = -t**2 - 38*t - 161. Let s be j(-5). Let y = s + o. List the prime factors of y.
2, 3
Let b be 45/(-5)*(-2 - -1). Suppose 2*q + b = -3*u, u + 7 + 1 = q. Suppose 3*t + q*p - 42 = 0, -3*t + 43 = 2*p + 1. List the prime factors of t.
2, 7
Let h = 7 + -3. What are the prime factors of 44*h*(-5)/(-40)?
2, 11
Let n = 0 - -12. What are the prime factors of n/8*10/3?
5
Let v(x) = -2*x + 85. What are the prime factors of v(0)?
5, 17
Let a = -2 + 6. Suppose -5*l + 15 = 0, a*l = 3*d - 0*l - 87. What are the prime factors of d?
3, 11
Suppose 36 = 3*z - 387. Let j be z/(-11) + (-32)/176. Let g = j - -16. What are the prime factors of g?
3
Suppose 4*y = 3*u - 12850 - 1413, 14261 = 3*u - 2*y. What are the prime factors of u?
7, 97
Let l(v) = -3*v - 21. Let q be l(-8). Suppose 2*r - 14 = -0. Suppose r*b = 3*b - q*x + 107, -4*x = -3*b + 99. What are the prime factors of b?
29
Let z(b) = -b + 6. Let q be z(8). Let k = 2 + q. Suppose -5*x = 0, k = 5*m - 4*x + 2*x - 60. What are the prime factors of m?
2, 3
Suppose -14935 = -12*i + 11213. What are the prime factors of i?
2179
Let z(i) = -i**2. Let b(k) = 7*k**2 - 27*k + 45. Let r(u) = -b(u) - 6*z(u). What are the prime factors of r(15)?
3, 5
Suppose -5*z + 2175 = 4*u, 5*z + 2*u + 3*u - 2180 = 0. What are the prime factors of z?
431
Suppose t + 2*p = 3783 + 1776, 3*t = -p + 16672. What are the prime factors of t?
5557
Let l(b) be the second derivative of -10*b**3/3 - 17*b**2/2 - b. Let m be l(6). Let o = -96 - m. List the prime factors of o.
41
Suppose -3*l - 157 = h - 50, 2*l + h = -72. Let v be (-24)/(-5) - 7/l. Suppose -39 = -v*b + 5*y + 86, 34 = b + 2*y. List the prime factors of b.
2, 7
Suppose s + 19 = -5*f, -3*s + 2*s = -5*f - 11. What are the prime factors of f + 370/22 - 2/(-11)?
2, 7
Suppose 27*v = -12*v + 33696. What are the prime factors of v?
2, 3
Suppose 1 - 1 = 2*p. Suppose z - 1 = -2*r + 12, p = -r + 3*z + 3. What are the prime factors of r?
2, 3
Let d be 432/((-4)/((-32)/(-12))). Let w = -116 - d. Suppose -2*j + 32 = s - 0*j, -w = -5*s - 4*j. What are the prime factors of s?
2, 3
Suppose -4*q = -8 + 28. Let t(n) = -7*n - 11. Let d be t(q). Suppose d = -s + 2*s. List the prime factors of s.
2, 3
Let j(q) = q**2 + 16*q + 15. Let m be j(-15). Suppose m*w - 2*h = w - 212, 4*w + 2*h = 824. What are the prime factors of w?
2, 3, 17
Let j(d) = d**2 + 9*d + 3. Let i be j(-9). Let w be (0 - -45)/i - 1. Suppose 3*q = 43 + w. What are the prime factors of q?
19
Let h = -22 + 22. Suppose 2*b = -3*a + 149 + 83, -3*b - 3 = h. Suppose a = 5*w - 22. What are the prime factors of w?
2, 5
Let r = 321 - 501. Let l = 1 - -4. List the prime factors of ((-2)/6)/(l/r).
2, 3
Suppose -u + 0*u = -2*s + 15, -5*s - 4*u = -5. Let w = -5 + s. Suppose -2*a + 20 = -w*a. List the prime factors of a.
2, 5
Suppose 6*s - 2*s = 1156. What are the prime factors of s?
17
Suppose -2*l - 24*l + 37752 = 0. List the prime factors of l.
2, 3, 11
Suppose 2*w - 1745 = -3*u + 884, -881 = -u + 4*w. What are the prime factors of u?
877
Let m(t) = 11*t**2 - 2*t + 1. Suppose -6*u = 27 - 3. What are the prime factors of m(u)?
5, 37
Let g = 976 - -597. What are the prime factors of g?
11, 13
Let x(i) = i**2 + 7*i - 118. List the prime factors of x(-16).
2, 13
Let x(h) = 2*h - 6. Let g be x(4). Let v(l) = 2*l**2 - 5*l + 4. List the prime factors of v(g).
2
Let s be -1 + 38/3 - (-38)/114. Let u be (-7 - -9) + -1 + 1. Suppose u*k - 14 = s. What are the prime factors of k?
13
Let d(x) be the first derivative of 10*x + 7/2*x**2 + 5 - 7/3*x**3 - 1/4*x**4. List the prime factors of d(-8).
2, 3
Let j = 1137 - 656. List the prime factors of j.
13, 37
Suppose 0 = 2*y + 15 - 31. Let a(d) = -d**3 + 9*d**2 + 13. What are the prime factors of a(y)?
7, 11
Let d(u) = -10*u**3 + u**2 + 2*u. Let x be d(-1). List the prime factors of 43/5 - (189/35)/x.
2
Let a = -49 + 29. List the prime factors of 6 + (-4075)/a - 1/(-4).
2, 3, 5, 7
Let t = 17 + -19. Let f be (t - -2 - 2) + 7. What are the prime factors of 12/(-21)*(-2 - f)?
2
Let y(n) = n**2 - 17*n + 24. What are the prime factors of y(-15)?
2, 3, 7
Let p(z) = -z**3 - 15*z**2 - 15*z - 16. Let b be p(-14). Let v(h) = 5*h**3 - 2*h**2 - h - 2. Let s be v(-2). What are the prime factors of (s/(-9))/(b/(-3))?
2
Suppose -p + 16 = 4*u - 1, -5*u = -3*p. Suppose 4*z - 8 = d + z, -5*z + 32 = u*d. Suppose d*n - 4 - 4 = 0. List the prime factors of n.
2
Suppose 0 = -15*s - 1662 + 4617. List the prime factors of s.
197
Let i = -23 - -19. Let u = 64 + i. What are the prime factors of u?
2, 3, 5
Let z(f) = -f**3 - 38*f**2 - 13*f + 5. What are the prime factors of z(-40)?
5, 149
Let f(q) = q**2 - 6*q + 12. Let s be f(-6). Suppose -5*a = -s - 96. What are the prime factors of a?
2, 3
Suppose 6*r = 5910 + 144. What are the prime factors of r?
1009
Suppose -268*q = -266*q - 1374. What are the prime factors of q?
3, 229
Let w(p) = -p**3 - 9*p**2 - 10*p - 4. Let t be w(-8). Let m = t - 9. Suppose 75 = m*l - 57. List the prime factors of l.
2, 11
Let t(p) = -5 + 5*p - 14 + 4. List the prime factors of t(9).
2, 3, 5
Let o = 3325 + -2257. List the prime factors of o.
2, 3, 89
List the prime factors of ((-2)/(-6))/((-24)/(-7056)).
2, 7
Suppose -5*a + 2065 = -k, -151 - 266 = -a + k. List the prime factors of a.
2, 103
Suppose 0 = o - 4*o + 525. Let g be o/28 + (-2)/8. Suppose -5*q - 5*u + 115 = 0, 4*q + 3*u - 106 = g*u. List the prime factors of q.
5
Let i = 91 + 3. Suppose 0*g + 3*g - 5*w - i = 0, -4*g + 102 = -2*w. List the prime factors of g.
23
Suppose 7*l = -928 + 5219. What are the prime factors of l?
613
Let k(r) = r**3 - 12*r**2 + 19*r + 24. Let b be -3 - (-7 + 1) - (2 - 10). What are the prime factors of k(b)?
2, 7
Let j be 4 - (2 - 5) - -2. Suppose -j*q - 125 = -14*q. List the prime factors of q.
5
Let n be 8/(-44) - (-2314)/22. What are the prime factors of (1 + -4)/((-9)/n)?
5, 7
Let i = 420 + -39. What are the prime factors of i?
3, 127
Let m = -80 + 170. Let g be (-104 - -2)*2/4. Let l = m + g. List the prime factors of l.
3, 13
Suppose -j + 1481 = 3*m, -3940 = -3*j - 3*m + 527. List the prime factors of j.
1493
Let w be 808/20 - 8/20. Let p = w - 35. Suppose -p*i + 86 = 4*u - 0*i, -i - 93 = -5*u. List the prime factors of u.
19
Let i(h) = 9*h + 7. Let p be i(-3). Let x = 52 + p. What are the prime factors of x